 46679. Give w(-7).
-396
Let u(m) = 9*m**3 - 758*m**2 + 202*m - 2855. What is u(84)?
1
Let z(u) = u**3 + 173*u**2 + 2047*u + 2954. Determine z(-11).
39
Let k(w) = -w**3 + 24*w**2 - 127*w - 235. What is k(8)?
-227
Let z(n) = 394*n + 14493. Give z(-37).
-85
Let k(n) = n**3 + 42*n**2 + 113*n + 332. Determine k(-39).
488
Let i(h) = -20*h**2 - 2520*h - 295. Calculate i(-126).
-295
Let z(q) = -81*q - 3704. Give z(-42).
-302
Let u(c) = 10*c**2 + 28*c + 265. What is u(24)?
6697
Let v(q) = -q**2 + 798*q + 121712. Give v(-131).
13
Let b(v) = 15732*v + 676458. Calculate b(-43).
-18
Let x(q) = -18*q**2 - 2946*q + 1103. Calculate x(-164).
119
Let s(i) = 129*i**2 - 56*i + 137. What is s(3)?
1130
Let p(o) = 3*o**3 + 85*o**2 + 517*o + 327. Determine p(-20).
-13
Let p(w) = 33*w**2 - 157*w - 157. Give p(-1).
33
Let m(x) = -12*x**2 + 1710*x - 17967. What is m(131)?
111
Let k(c) = -207*c**2 + 29808*c + 158. What is k(144)?
158
Let i(a) = -a**2 + 100*a - 716. What is i(8)?
20
Let h(b) = -1672*b - 6843. Give h(-4).
-155
Let l(n) = -8*n**2 + 347*n + 37. Determine l(39).
1402
Let y(k) = -235*k + 30651. Give y(104).
6211
Let n(c) = -25*c**2 + 582*c - 3046. Give n(8).
10
Let c(g) = 293*g**3 + 2*g**2 + 7*g - 3. Determine c(2).
2363
Let f(x) = 3*x**3 - 237*x**2 - 486*x - 99. Calculate f(81).
-99
Let r(l) = -4*l**3 + l**2 - 459*l - 913. Calculate r(-2).
41
Let j(y) = 2*y**3 + 6*y**2 - 11*y + 974. Calculate j(0).
974
Let s(m) = 349*m**3 - 12*m**2 + 44. What is s(-2)?
-2796
Let j(k) = k**3 + 2*k**2 - 85*k + 203. Calculate j(3).
-7
Let s(t) = -256*t + 75610. Calculate s(295).
90
Let z(u) = 6*u**2 - 266*u + 220. Calculate z(43).
-124
Let z(w) = 3*w**2 + 24*w - 73. Give z(14).
851
Let p(k) = -4443*k - 27000. Calculate p(-5).
-4785
Let v(k) = -k**3 - 63*k**2 - 752*k - 110. What is v(-16)?
-110
Let d(f) = f**3 - 170*f**2 - 1090*f + 5959. Calculate d(176).
-25
Let x(s) = -169*s + 1178. What is x(9)?
-343
Let a(l) = -24*l**2 - 1328*l - 7895. Determine a(-6).
-791
Let c(l) = -31*l**3 - 9*l**2 - 62*l + 166. What is c(2)?
-242
Let p(v) = v**2 - 100*v + 3511. What is p(34)?
1267
Let g(c) = -855*c - 22235. Determine g(-26).
-5
Let a(n) = 127458*n + 764755. Give a(-6).
7
Let o(a) = -145*a - 27554. What is o(-189)?
-149
Let r(c) = -2*c**3 + 318*c**2 + 2334*c - 219. Calculate r(166).
1441
Let b(y) = 2*y**2 + 16*y - 269343. What is b(-371)?
3
Let g(v) = v**3 - 14*v**2 - 70*v + 990. Calculate g(7).
157
Let d(r) = 1084*r**2 - 32*r + 4. Determine d(0).
4
Let m(o) = -16013*o + 256200. What is m(16)?
-8
Let g(c) = c**2 + 1881*c - 17012. What is g(9)?
-2
Let u(s) = 14861*s**2 + 119006*s + 4. What is u(-8)?
-940
Let h(s) = -6983*s - 495790. Determine h(-71).
3
Let r(h) = -h**3 - 26*h**2 + 461*h - 32. What is r(12)?
28
Let z(q) = -2*q**2 + 55*q + 82. Determine z(-20).
-1818
Let b(v) = 2*v**2 - 4707*v - 23605. Give b(-5).
-20
Let a(w) = -26*w**2 + 2079*w + 12529. Calculate a(-6).
-881
Let m(x) = -92*x - 467. Give m(-4).
-99
Let z(i) = -116033*i - 464161. Determine z(-4).
-29
Let z(a) = 731*a + 14919. What is z(-26)?
-4087
Let p(h) = -h**3 - 175*h**2 + 3798*h + 21520. Determine p(-194).
-208
Let j(q) = 4*q**3 - 1396*q**2 + 8*q - 2664. What is j(349)?
128
Let o(j) = 3*j**2 + 794*j + 20301. What is o(-236)?
5
Let j(v) = 548200*v - 7126615. Determine j(13).
-15
Let w(g) = g**3 - 82*g**2 + 1660*g + 697. Calculate w(38).
241
Let k(i) = 11*i**3 - 252*i**2 - 19413*i - 115. Give k(55).
-5
Let o(d) = d**2 - 6412*d + 418858. What is o(66)?
22
Let o(k) = 73*k + 2569. What is o(-17)?
1328
Let d(a) = -6*a**3 + 46*a**2 + 4044*a - 35756. Determine d(9).
-8
Let j(o) = -1542*o - 1341553. Determine j(-870).
-13
Let u(z) = 791*z - 249163. What is u(315)?
2
Let g(d) = d**2 + 1362*d + 319889. Calculate g(-302).
-231
Let u(l) = -473*l**2 - 629*l + 633. Determine u(1).
-469
Let w(a) = -18*a**2 + 96*a + 156. Determine w(8).
-228
Let k(s) = 714*s - 206. Determine k(-1).
-920
Let y(c) = 13*c**3 - 908*c**2 + 805*c - 66117. Determine y(70).
33
Let u(x) = 37*x + 679. Calculate u(14).
1197
Let g(b) = 4*b**2 - 441052*b + 1323152. Calculate g(3).
32
Let a(o) = -78314*o - 7439835. Give a(-95).
-5
Let c(v) = -68*v - 393. Determine c(-6).
15
Let g(f) = -8*f**2 - 56*f + 1444. Determine g(-17).
84
Let f(y) = -673*y - 119058. Give f(-176).
-610
Let x(q) = 2*q**2 + 56*q - 618. Give x(-36).
-42
Let h(l) = 2*l**3 - 43*l**2 - 70*l + 2119. Determine h(21).
208
Let z(x) = x**3 + 14*x**2 - 79*x - 773. Give z(-15).
187
Let k(i) = i**2 - 107*i + 366. Give k(114).
1164
Let a(g) = -42215*g + 126643. Determine a(3).
-2
Let j(f) = -16*f**2 - 787*f - 6224. Calculate j(-10).
46
Let g(t) = 887*t**2 + 7996*t - 18. Give g(-9).
-135
Let k(d) = -3*d**2 + 1372*d - 33639. Determine k(26).
5
Let i(b) = -b**2 - 240*b - 465. Determine i(-238).
11
Let r(z) = -27*z**2 - 223*z + 1454. Give r(4).
130
Let o(w) = -w**2 + 1165*w + 150001. What is o(-117)?
7
Let q(a) = -398*a**3 + 1596*a**2 - 166*a + 612. Give q(4).
12
Let p(c) = 18*c**2 - 200*c + 538. Calculate p(5).
-12
Let v(t) = -12731*t + 50860. Give v(4).
-64
Let a(q) = -q**3 + 14*q**2 + 5557*q - 72434. What is a(13)?
-24
Let u(t) = t**2 - 1817*t + 798307. Determine u(744).
-5
Let n(f) = 100*f**2 + 909*f + 53. What is n(-9)?
-28
Let j(y) = 2*y**3 + 27*y**2 - 65*y + 919. Determine j(-17).
1
Let y(f) = 19*f + 2093. Give y(-80).
573
Let c(r) = -2*r**2 - 300*r + 15757. Give c(41).
95
Let p(x) = 13*x**2 + 147*x - 36969. Calculate p(48).
39
Let b(d) = 140608*d - 2109125. Give b(15).
-5
Let h(k) = 3389*k + 68509. What is h(-20)?
729
Let q(p) = 11*p**2 - 3266*p - 10214. What is q(300)?
-14
Let c(w) = -7*w**2 - 200*w + 843. Give c(-31).
316
Let y(o) = -o**3 - 16*o**2 - 28*o - 305. Give y(-13).
-448
Let p(k) = 1496*k + 34155. Determine p(-23).
-253
Let g(f) = f**3 - 25*f**2 - 331*f - 314. Calculate g(35).
351
Let g(p) = -3*p**3 + 20*p**2 + 503*p - 3461. Give g(7).
11
Let m(z) = z**3 + 131*z**2 + 2497*z - 7584. Give m(-107).
13
Let u(k) = -3*k**2 - 48436*k - 290577. Give u(-6).
-69
Let m(c) = 225*c**2 + 1685*c - 393. Determine m(-8).
527
Let p(x) = -57*x**2 + 866*x - 3136. Determine p(12).
-952
Let s(t) = -2*t**3 - 86*t**2 - 51*t - 439. Give s(-43).
1754
Let h(p) = 2*p**3 + 6*p**2 - 63*p + 60. Give h(4).
32
Let z(k) = -289*k + 14297. What is z(46)?
1003
Let h(y) = 19*y**2 - 412*y - 573. Calculate h(23).
2
Let n(w) = 3*w**2 + 7672*w - 53698. Give n(7).
153
Let f(w) = 5*w**2 - 5359*w + 5360. Give f(1).
6
Let q(x) = x**3 - 801*x**2 + 4044*x - 219. Calculate q(5).
101
Let i(p) = -10125*p + 921435. Give i(91).
60
Let f(t) = t**3 - 219*t**2 + 1641*t + 9924. Calculate f(211).
7
Let f(j) = -j**3 - 2186*j**2 + 8869*j - 441. Calculate f(4).
-5
Let z(t) = 10*t**2 + 43*t + 73. What is z(-7)?
262
Let x(g) = -g**3 + 10*g**2 + 1319*g - 13106. Give x(10).
84
Let u(p) = p**3 - 132*p**2 - 1267*p + 40861. What is u(139)?
-5
Let u(s) = 2*s**2 - 562*s + 543. Calculate u(280).
-17
Let v(p) = -1110*p - 7955. What is v(-7)?
-185
Let b(o) = 4656*o - 209457. Give b(45).
63
Let r(b) = b**3 - 37*b**2 + 80*b - 24. Give r(6).
-660
Let l(b) = -3*b**3 - 148*b**2 - 72*b - 548. What is l(-49)?
579
Let u(b) = -23*b**2 - 39*b - 109. What is u(-6)?
-703
Let o(m) = -16637*m - 898276. Calculate o(-54).
122
Let f(a) = 59*a + 627. Calculate f(-16).
-317
Let u(w) = 80*w + 9916. Calculate u(-132).
-644
Let w(k) = 11*k**2 - 41*k - 117. Determine w(-2).
9
Let x(t) = -t**2 + 200*t - 5257. What is x(39)?
1022
Let k(q) = -q**3 - 5*q**2 - 5*q - 39. Calculate k(-10).
511
Let h(s) = -330520*s - 6279892. Determine h(-19).
-12
Let m(u) = -37632*u - 37732. Determine m(-1).
-100
Let v(t) = 1087*t - 20770. What is v(19)?
-117
Let m(b) = -2*b**2 - 93*b + 20468. What is m(-128)?
-396
Let s(u) = u**3 + 151*u**2 + 1449*u - 1008. Give s(-11).
-7
Let i(o) = 1185*o + 61492. What is i(-52)?
-128
Let p(q) = -q**3 - 65*q - 921. Determine p(-7).
-123
Let a(j) = j**3 - 450*j**2 - 33465*j - 5148. Determine a(515).
2
Let n(s) = s**3 - 174*s**2 - 173*s - 357. Give n(175).
-7
Let j(d) = 26*d**2 + 3044*d + 6200. Give j(-115).
-10
Let a(c) = c**3 - 132*c**2 + 2149*c + 125. Determine a(113).
351
Let y(g) = 3*g**2 - 585*g + 19612. Calculate y(152).
4
Let w(n) = 210160*n - 226. Determine w(0).
-226
Let c(n) = -n**3 + 23*n**2 - 110*n + 60. What is c(7)?
74
Let w(o) = -o**3 - 67*o**2 + 857*o - 90